{"id":11,"date":"2017-03-28T13:35:01","date_gmt":"2017-03-28T18:35:01","guid":{"rendered":"http:\/\/www.czs.com.br\/cruzeirodosul\/?page_id=11"},"modified":"2017-03-29T11:53:49","modified_gmt":"2017-03-29T16:53:49","slug":"hino-de-cruzeiro-do-sul","status":"publish","type":"page","link":"https:\/\/www.czs.com.br\/cruzeirodosul\/apresentacao\/hino-de-cruzeiro-do-sul\/","title":{"rendered":"Hino de Cruzeiro do Sul"},"content":{"rendered":"<p style=\"text-align: justify;\">Letra: Fran Pacheco<br \/>\nM\u00fasica: C. Ciarlini<\/p>\n<p style=\"text-align: justify;\">No rega\u00e7o da selva assombrosa<br \/>\nOnde outrora espumava o tapir<br \/>\nUma bela cidade ruidosa<br \/>\nVimos hoje fagueira surgir.<\/p>\n<p style=\"text-align: justify;\">Pasma o \u00edndio bravio confundido<br \/>\nEmpolgando uma flecha nos ares<br \/>\nAo ouvir que \u00e9 t\u00e3o repetido<br \/>\nVosso nome nos nossos palmares.<\/p>\n<p style=\"text-align: justify;\">Para o seio da mata orvalhada<br \/>\nAs aragens correndo l\u00e1 v\u00e3o<br \/>\nE no cimo da selva ondulada<br \/>\nThaumaturgo Azevedo dir\u00e3o<br \/>\nE no cimo da selva ondulada<br \/>\nThaumaturgo Azevedo dir\u00e3o.<\/p>\n<p style=\"text-align: justify;\">No cetim da esfera dourada<br \/>\nPelos raios fulgurantes do sol<br \/>\nVosso feito reluz como espada<br \/>\nVosso nome cintila qual o sol.<\/p>\n<p style=\"text-align: justify;\">Vosso feito ser\u00e1 imitado<br \/>\nOnde o raio do progresso chegou<br \/>\nVosso nome ent\u00e3o proclamado<br \/>\nPelos filhos que o norte criou.<\/p>\n<p style=\"text-align: justify;\">Para o seio da mata orvalhada<br \/>\nAs aragens correndo l\u00e1 v\u00e3o<br \/>\nE no cimo da selva ondulada<br \/>\nThaumaturgo Azevedo dir\u00e3o<br \/>\nE no cimo da selva ondulada<br \/>\nThaumaturgo Azevedo dir\u00e3o.<\/p>\n<p style=\"text-align: justify;\">O lampejo do sol do progresso<br \/>\nDoura ufano este belo alcantil<br \/>\nContemplado ser\u00e1 o universo<br \/>\nNovo estado no ch\u00e3o do Brasil.<\/p>\n<p style=\"text-align: justify;\">E no trono dos seus esplendores<br \/>\nSobre nuvens bordadas de azul<br \/>\nDeus semeia cascata de flores<br \/>\nE aben\u00e7oa o Cruzeiro do Sul.<\/p>\n<p style=\"text-align: justify;\">Para o seio da mata orvalhada<br \/>\nAs aragens correndo l\u00e1 v\u00e3o<br \/>\nE no cimo da selva ondulada<br \/>\nThaumaturgo Azevedo dir\u00e3o<br \/>\nE no cimo da selva ondulada<br \/>\nThaumaturgo Azevedo dir\u00e3o.<\/p>\n<p style=\"text-align: justify;\">Fonte: Livro &#8220;Thaumaturgo de Azevedo&#8221;<\/p>\n<hr \/>\n<p style=\"text-align: justify;\">Saiba mais sobre a cidade:<\/p>\n<p style=\"text-align: justify;\"><a href=\"http:\/\/www.czs.com.br\/cruzeirodosul\/apresentacao\/informacoes-gerais\/\">Informa\u00e7\u00f5es Gerais<\/a><\/p>\n","protected":false},"excerpt":{"rendered":"<p>Letra: Fran Pacheco M\u00fasica: C. Ciarlini No rega\u00e7o da selva assombrosa Onde outrora espumava o tapir Uma bela cidade ruidosa Vimos hoje fagueira surgir. Pasma o \u00edndio bravio confundido Empolgando uma flecha nos ares Ao ouvir que \u00e9 t\u00e3o repetido<\/p>\n<p class=\"link-more\"><a class=\"more-link\" href=\"https:\/\/www.czs.com.br\/cruzeirodosul\/apresentacao\/hino-de-cruzeiro-do-sul\/\">Read More <span class=\"screen-reader-text\">Hino de Cruzeiro do Sul<\/span><\/a><\/p>\n","protected":false},"author":1,"featured_media":0,"parent":2,"menu_order":0,"comment_status":"closed","ping_status":"closed","template":"","meta":{"footnotes":""},"class_list":["post-11","page","type-page","status-publish","hentry","thumb-above-title"],"_links":{"self":[{"href":"https:\/\/www.czs.com.br\/cruzeirodosul\/wp-json\/wp\/v2\/pages\/11","targetHints":{"allow":["GET"]}}],"collection":[{"href":"https:\/\/www.czs.com.br\/cruzeirodosul\/wp-json\/wp\/v2\/pages"}],"about":[{"href":"https:\/\/www.czs.com.br\/cruzeirodosul\/wp-json\/wp\/v2\/types\/page"}],"author":[{"embeddable":true,"href":"https:\/\/www.czs.com.br\/cruzeirodosul\/wp-json\/wp\/v2\/users\/1"}],"replies":[{"embeddable":true,"href":"https:\/\/www.czs.com.br\/cruzeirodosul\/wp-json\/wp\/v2\/comments?post=11"}],"version-history":[{"count":2,"href":"https:\/\/www.czs.com.br\/cruzeirodosul\/wp-json\/wp\/v2\/pages\/11\/revisions"}],"predecessor-version":[{"id":88,"href":"https:\/\/www.czs.com.br\/cruzeirodosul\/wp-json\/wp\/v2\/pages\/11\/revisions\/88"}],"up":[{"embeddable":true,"href":"https:\/\/www.czs.com.br\/cruzeirodosul\/wp-json\/wp\/v2\/pages\/2"}],"wp:attachment":[{"href":"https:\/\/www.czs.com.br\/cruzeirodosul\/wp-json\/wp\/v2\/media?parent=11"}],"curies":[{"name":"wp","href":"https:\/\/api.w.org\/{rel}","templated":true}]}}