{"id":21,"date":"2017-03-28T13:39:42","date_gmt":"2017-03-28T18:39:42","guid":{"rendered":"http:\/\/www.czs.com.br\/cruzeirodosul\/?page_id=21"},"modified":"2017-03-28T13:39:42","modified_gmt":"2017-03-28T18:39:42","slug":"terras-indigenas","status":"publish","type":"page","link":"https:\/\/www.czs.com.br\/cruzeirodosul\/areas-especiais\/terras-indigenas\/","title":{"rendered":"Terras Ind\u00edgenas"},"content":{"rendered":"<p style=\"text-align: justify;\">O munic\u00edpio tem duas terras ind\u00edgenas das etnias Jaminawa e Katukina. Essas etnias s\u00e3o da fam\u00edlia lingu\u00edstica Pano, que habitam a \u00e1rea h\u00e1 muitos anos e mant\u00eam sua cultura baseada na rela\u00e7\u00e3o com o ambiente, atrav\u00e9s de suas atividades de ca\u00e7a, coleta, agricultura e festividades. S\u00e3o praticadas tamb\u00e9m atividades religiosas e de cura, como \u00e9 o caso do \u201ckamp\u00f4\u201d (a vacina do sapo) e os rituais de \u201cayahuasca\u201d, que utilizam a bebida feita a partir de vegetais. A Terra Ind\u00edgena Katukina \u00e9 cortada pela BR-364, um fato que causa diversos problemas para a comunidade devido \u00e0 circula\u00e7\u00e3o de pessoas estranhas em suas terras. J\u00e1 a Terra Ind\u00edgena Jaminawa do Igarap\u00e9 Preto tem acesso somente por via fluvial.<\/p>\n<p style=\"text-align: justify;\">H\u00e1 tamb\u00e9m registro de ind\u00edgenas da etnia Marubo, vindos do Amazonas, que cruzam o munic\u00edpio para chegar a Cruzeiro do Sul, esporadicamente. Todos os habitantes ind\u00edgenas, juntos, somam mais de 500 pessoas espalhadas por cerca de sete aldeias no Munic\u00edpio.<\/p>\n<p style=\"text-align: right;\">Fonte: Atlas do Estado do Acre<\/p>\n","protected":false},"excerpt":{"rendered":"<p>O munic\u00edpio tem duas terras ind\u00edgenas das etnias Jaminawa e Katukina. Essas etnias s\u00e3o da fam\u00edlia lingu\u00edstica Pano, que habitam a \u00e1rea h\u00e1 muitos anos e mant\u00eam sua cultura baseada na rela\u00e7\u00e3o com o ambiente, atrav\u00e9s de suas atividades de<\/p>\n<p class=\"link-more\"><a class=\"more-link\" href=\"https:\/\/www.czs.com.br\/cruzeirodosul\/areas-especiais\/terras-indigenas\/\">Read More <span class=\"screen-reader-text\">Terras Ind\u00edgenas<\/span><\/a><\/p>\n","protected":false},"author":1,"featured_media":0,"parent":16,"menu_order":0,"comment_status":"closed","ping_status":"closed","template":"","meta":{"footnotes":""},"class_list":["post-21","page","type-page","status-publish","hentry","thumb-above-title"],"_links":{"self":[{"href":"https:\/\/www.czs.com.br\/cruzeirodosul\/wp-json\/wp\/v2\/pages\/21","targetHints":{"allow":["GET"]}}],"collection":[{"href":"https:\/\/www.czs.com.br\/cruzeirodosul\/wp-json\/wp\/v2\/pages"}],"about":[{"href":"https:\/\/www.czs.com.br\/cruzeirodosul\/wp-json\/wp\/v2\/types\/page"}],"author":[{"embeddable":true,"href":"https:\/\/www.czs.com.br\/cruzeirodosul\/wp-json\/wp\/v2\/users\/1"}],"replies":[{"embeddable":true,"href":"https:\/\/www.czs.com.br\/cruzeirodosul\/wp-json\/wp\/v2\/comments?post=21"}],"version-history":[{"count":1,"href":"https:\/\/www.czs.com.br\/cruzeirodosul\/wp-json\/wp\/v2\/pages\/21\/revisions"}],"predecessor-version":[{"id":22,"href":"https:\/\/www.czs.com.br\/cruzeirodosul\/wp-json\/wp\/v2\/pages\/21\/revisions\/22"}],"up":[{"embeddable":true,"href":"https:\/\/www.czs.com.br\/cruzeirodosul\/wp-json\/wp\/v2\/pages\/16"}],"wp:attachment":[{"href":"https:\/\/www.czs.com.br\/cruzeirodosul\/wp-json\/wp\/v2\/media?parent=21"}],"curies":[{"name":"wp","href":"https:\/\/api.w.org\/{rel}","templated":true}]}}