{"id":8,"date":"2017-03-28T13:28:48","date_gmt":"2017-03-28T18:28:48","guid":{"rendered":"http:\/\/www.czs.com.br\/cruzeirodosul\/?page_id=8"},"modified":"2017-05-19T20:47:10","modified_gmt":"2017-05-20T01:47:10","slug":"cruzeiro-do-sul","status":"publish","type":"page","link":"https:\/\/www.czs.com.br\/cruzeirodosul\/apresentacao\/cruzeiro-do-sul\/","title":{"rendered":"Cruzeiro do Sul"},"content":{"rendered":"<p><img decoding=\"async\" src=\"http:\/\/www.czs.com.br\/cruzeirodosul\/wp-content\/uploads\/czs.jpg\" alt=\"CZS\" width=\"100%\" \/><\/p>\n<p style=\"text-align: justify;\">Fundada pelo General <a href=\"http:\/\/www.czs.com.br\/arquivo\/gregorio-thaumaturgo-de-azevedo.jpg\" target=\"_blank\" rel=\"noopener noreferrer\" data-rel=\"lightbox-image-0\" data-rl_title=\"\" data-rl_caption=\"\" title=\"\">Greg\u00f3rio Thaumaturgo de Azevedo<\/a> como capital do departamento do Alto Juru\u00e1, a cidade de Cruzeiro do Sul ocupou inicialmente o lugar chamado de Invenc\u00edvel. A atual sede deste munic\u00edpio foi estabelecida posteriormente no dia 28 de setembro de 1904, na margem esquerda do Rio Juru\u00e1, onde foi desapropriado o seringal Centro Brasileiro. Seu nome faz refer\u00eancia \u00e0 constela\u00e7\u00e3o de Cruzeiro do Sul. O fundador da cidade tamb\u00e9m estabeleceu o tra\u00e7ado urbano inicial, com largos bulevares e quarteir\u00f5es bem definidos. Por causa da quantidade de igarap\u00e9s que cortam a cidade, ela foi tratada nos anos iniciais, como a Veneza Acreana.<\/p>\n<p style=\"text-align: justify;\">A regi\u00e3o foi visitada por brancos, pela primeira vez, por volta de 1857, que se depararam com a resist\u00eancia das tribos ind\u00edgenas locais no Estir\u00e3o do N\u00e1uas (hoje parte do munic\u00edpio de Rodrigues Alves) que se tornou limite para ocupa\u00e7\u00e3o da regi\u00e3o. A express\u00e3o Terra dos N\u00e1uas, como \u00e9 conhecida a regi\u00e3o, mant\u00e9m viva essa express\u00e3o de nativismo e resist\u00eancia de sua popula\u00e7\u00e3o.<\/p>\n<p style=\"text-align: justify;\">Atualmente, o munic\u00edpio de Cruzeiro do Sul \u00e9 o segundo mais populoso do Acre. Ele representa o p\u00f3lo econ\u00f4mico do Vale do Juru\u00e1 e possui uma forte liga\u00e7\u00e3o econ\u00f4mica com a cidade de Manaus, no Estado do Amazonas, para onde \u00e9 transportado por balsa o principal produto regional, a famosa farinha de Cruzeiro do Sul.<\/p>\n<p style=\"text-align: justify;\">O munic\u00edpio localiza-se no noroeste do Estado e faz limite ao norte, com o Estado do Amazonas; ao sul, com o munic\u00edpio de Porto Walter; ao leste, com o munic\u00edpio de Tarauac\u00e1 e a oeste, com os munic\u00edpios de M\u00e2ncio Lima, Rodrigues Alves e com o Peru.<\/p>\n<p style=\"text-align: justify;\">O acesso por terra \u00e9 poss\u00edvel pela BR-364, durante os meses secos (de julho a setembro), por via fluvial (de Manaus) pelo rio Juru\u00e1 e por via a\u00e9rea, de Rio Branco, Manaus e Pucallpa, no Peru (250 km), com quem a cidade mant\u00e9m um interc\u00e2mbio comercial.<\/p>\n<p style=\"text-align: justify;\">Fonte: Atlas do Estado do Acre<\/p>\n<hr \/>\n<p style=\"text-align: justify;\">Saiba mais sobre a cidade:<\/p>\n<p style=\"text-align: justify;\"><a href=\"http:\/\/www.czs.com.br\/cruzeirodosul\/apresentacao\/hino-de-cruzeiro-do-sul\/\">Hino de Cruzeiro do Sul<\/a><\/p>\n<p style=\"text-align: justify;\"><a href=\"http:\/\/www.czs.com.br\/cruzeirodosul\/apresentacao\/informacoes-gerais\/\">Informa\u00e7\u00f5es Gerais<\/a><\/p>\n","protected":false},"excerpt":{"rendered":"<p>Fundada pelo General Greg\u00f3rio Thaumaturgo de Azevedo como capital do departamento do Alto Juru\u00e1, a cidade de Cruzeiro do Sul ocupou inicialmente o lugar chamado de Invenc\u00edvel. A atual sede deste munic\u00edpio foi estabelecida posteriormente no dia 28 de setembro<\/p>\n<p class=\"link-more\"><a class=\"more-link\" href=\"https:\/\/www.czs.com.br\/cruzeirodosul\/apresentacao\/cruzeiro-do-sul\/\">Read More <span class=\"screen-reader-text\">Cruzeiro do Sul<\/span><\/a><\/p>\n","protected":false},"author":1,"featured_media":0,"parent":2,"menu_order":0,"comment_status":"closed","ping_status":"closed","template":"","meta":{"footnotes":""},"class_list":["post-8","page","type-page","status-publish","hentry","thumb-above-title"],"_links":{"self":[{"href":"https:\/\/www.czs.com.br\/cruzeirodosul\/wp-json\/wp\/v2\/pages\/8","targetHints":{"allow":["GET"]}}],"collection":[{"href":"https:\/\/www.czs.com.br\/cruzeirodosul\/wp-json\/wp\/v2\/pages"}],"about":[{"href":"https:\/\/www.czs.com.br\/cruzeirodosul\/wp-json\/wp\/v2\/types\/page"}],"author":[{"embeddable":true,"href":"https:\/\/www.czs.com.br\/cruzeirodosul\/wp-json\/wp\/v2\/users\/1"}],"replies":[{"embeddable":true,"href":"https:\/\/www.czs.com.br\/cruzeirodosul\/wp-json\/wp\/v2\/comments?post=8"}],"version-history":[{"count":7,"href":"https:\/\/www.czs.com.br\/cruzeirodosul\/wp-json\/wp\/v2\/pages\/8\/revisions"}],"predecessor-version":[{"id":124,"href":"https:\/\/www.czs.com.br\/cruzeirodosul\/wp-json\/wp\/v2\/pages\/8\/revisions\/124"}],"up":[{"embeddable":true,"href":"https:\/\/www.czs.com.br\/cruzeirodosul\/wp-json\/wp\/v2\/pages\/2"}],"wp:attachment":[{"href":"https:\/\/www.czs.com.br\/cruzeirodosul\/wp-json\/wp\/v2\/media?parent=8"}],"curies":[{"name":"wp","href":"https:\/\/api.w.org\/{rel}","templated":true}]}}